or of 9366 and a?
42
Let f(n) = 3*n**2 - 54*n - 77. Let c be f(35). What is the highest common factor of c and 28?
28
Let u be ((-61)/(-183))/((-2)/(-96)). Suppose -3*c = 4*m - 28, 4*m = 2*c - 4*c + u. Calculate the highest common divisor of c and 300.
12
Suppose 14 = -2*y - 5*u - 3, -u - 9 = -y. Let v be 719 - -5 - (-4 + y). Suppose -5*n = 164 - v. What is the greatest common factor of n and 7?
7
Let z = 2969 - 2910. Calculate the greatest common divisor of 2 and z.
1
Let f be 120 + (1 - -1)/2. Suppose 4*z - 2*t + 326 = 0, -4*z - 358 = -3*t - 31. Let g = z + f. What is the highest common divisor of 8 and g?
8
Suppose -g + 5*h + 2 = 0, -22*h + 21*h - 6 = -g. What is the highest common factor of 56 and g?
7
Suppose q - 4*o + 16 = 124, 3*q - 5*o - 310 = 0. What is the greatest common factor of q and 2500?
100
Suppose -l = -4*f + 5724, 3*l + 7978 - 823 = 5*f. Calculate the greatest common divisor of f and 432.
27
Suppose -44*d - 29*d + 119 = -56*d. Let m be 5 + -2 - (-10 + 5). Suppose m*j - 3*j = 5. What is the highest common factor of j and d?
1
Suppose 3*y + 5*z + 44 = 161, 5*y + 5*z = 195. Suppose 0 = 5*q + h - 322, 3 = 3*h + 12. What is the highest common divisor of y and q?
13
Let f(y) = 12*y - 43. Let z be f(7). Let l = 14 + z. What is the greatest common divisor of 77 and l?
11
Let j(s) = 58*s**3 + 31*s - 105. Let t be j(4). What is the greatest common factor of 91 and t?
91
Let z(b) = 11*b**2 + 12*b**2 - 44 + 16*b**2 - 9*b - 38*b**2. Let n be z(13). What is the greatest common factor of n and 208?
8
Let m be 1/((4/(-710))/((-210)/175)). What is the highest common divisor of 1136 and m?
71
Suppose 73700 = -67*q + 89*q. What is the greatest common factor of 134 and q?
134
Suppose 4*u = -0*u + 5*c + 4, 4*c = 3*u - 2. Let p(l) = -7*l - u - 6 - 21. Let d be p(-6). Calculate the highest common divisor of d and 9.
9
Let d = 31 - -265. Suppose -25*v = 12*v - d. Let l = 83 + -27. What is the highest common divisor of v and l?
8
Suppose 245 = 5*r - 55. Suppose -166*h - r = -172*h. Calculate the greatest common factor of 45 and h.
5
Suppose 0 = -7*o - 105 + 133. Suppose 4 = o*p - 6*p, -3*m + p = -194. Calculate the greatest common divisor of 48 and m.
16
Suppose 2*a - 3*u + 898 = u, 4*a + 1731 = -5*u. Let p = 543 + a. What is the highest common divisor of 48 and p?
8
Let m = 20803 + 1461. What is the highest common factor of 184 and m?
184
Let a(t) = -101*t + 848. Let g be a(8). Calculate the highest common divisor of 2340 and g.
20
Let g = -123 - -129. Suppose 8*t + 57 = 11*t. Suppose -d + t = -0*d - 2*a, -3*d + a + 47 = 0. What is the highest common divisor of d and g?
3
Let x(p) = p**3 + 28*p**2 - 99*p - 74. Let k be x(-31). Let z be 2 + 31 + (-1 - 0). Calculate the greatest common divisor of z and k.
16
Suppose -5*c + 27 = -4*b - 28, -c + 2*b + 11 = 0. Let n = c + 4. Suppose n = -24*l + 27*l. What is the highest common factor of 5 and l?
5
Suppose -72 + 6 = -11*x. Suppose -3*w + 1037 = -4*d, -5*d = -x*d - w - 268. Let k = -153 - d. Calculate the highest common divisor of k and 22.
22
Let b be (83 - (1 - -1)) + 0. Let z = 162 - b. Calculate the greatest common divisor of z and 54.
27
Suppose -k + 85 = 20. Let p be (9/(-6) - -2)*(46 - 20). What is the greatest common factor of p and k?
13
Let s(t) = -3*t**2 - 10*t - 1. Let p be s(-3). Suppose -4*f + p*f + 742 = -3*m, -2*f = 4*m - 770. What is the greatest common divisor of f and 26?
13
Let w = -348 - -450. Suppose -42*z + w = -24. Calculate the highest common divisor of 174 and z.
3
Let j be 1/2*(-2 + 2)*-1. Suppose m - 2*m + 4*y + 21 = j, -3*m + 2*y + 23 = 0. Let f be -1*((-10)/1)/(2/m). What is the greatest common divisor of f and 175?
25
Let y be (-5 + (-57)/(-9))*762/4. Let r = y + -242. What is the highest common factor of r and 6?
6
Let q be (-134120)/(-48) + 6/(-36). What is the highest common factor of 176 and q?
22
Let w be (-2)/9 - (-392)/63. Let s(i) = -w + i - 5*i + 3*i + 13. Let b be s(-3). Calculate the highest common divisor of 2 and b.
2
Let p(c) = 6*c - 12*c + 15 + 5*c + 11. Let l be p(-9). Suppose -3*a - 4*a = -l. Calculate the highest common factor of a and 25.
5
Let u(c) = -209*c - 12 + 91*c + 88*c. Let p be u(-3). Let s = 121 - p. What is the highest common factor of 43 and s?
43
Let c(t) = 129*t**2 + 1122*t + 10153. Let s be c(-9). What is the highest common factor of 2828 and s?
404
Suppose 28*u = -3*s + 33*u + 922, -5*s + 5*u + 1530 = 0. What is the greatest common factor of s and 8132?
76
Let z = -34134 - -36042. What is the highest common divisor of 180 and z?
36
Let g(d) = -d**3 - 20*d**2 - 16*d + 31. Let b be g(-19). Let a(o) = o**3 + 25*o**2 - 28*o + 56. Let r be a(b). What is the highest common factor of r and 60?
12
Suppose -26*n - 1044 = -20*n. Let v be (-2*(-1)/(-1))/(3/n). Calculate the greatest common divisor of 87 and v.
29
Suppose -1475 = -5*w + 3335. Calculate the highest common divisor of w and 259.
37
Let c(h) = 7459*h - 1524. Let k be c(2). What is the greatest common divisor of 74 and k?
74
Let f(z) = -z**3 + 107*z**2 - 206*z + 56. Let u be f(105). What is the greatest common factor of 1700 and u?
68
Let t = -22 - -28. Suppose t*x + 25 = 205. What is the highest common divisor of x and 60?
30
Suppose 3*i - 9 = 0, 4*y - i - 223 = 106. Let m(h) = -7*h - 10. Let t be m(-10). Let a = y - t. Calculate the greatest common divisor of 46 and a.
23
Suppose -4*k = -3*q - 20, 4*k = 4*q + 11 + 5. Suppose 0 = 2*n - 3*s - k + 1, 5 = s. Calculate the greatest common divisor of n and 121.
11
Let r = -2 - 77. Let o = -87 - r. Let c be -2 + (-26)/(-10) + o/(-20). Calculate the highest common factor of c and 7.
1
Let y = 10681 - 9657. What is the highest common divisor of 96 and y?
32
Let g = 1281 - 751. Let c be (1 + -5)*27/(-2) + -1. What is the greatest common divisor of g and c?
53
Let v(c) = c**2 - 3*c + 5. Let a be v(5). Let n be a*(21/9 + 1). Let l = 1555 - 1535. Calculate the highest common factor of n and l.
10
Suppose 2*h = -2*h + 3256. Suppose 8*i - 10*w + 205 - 717 = 0, 3*i - 238 = -2*w. What is the highest common divisor of h and i?
74
Let s be 7462/273*90/12. Let b be 0 + (-5)/(1/(-1)). Calculate the greatest common factor of b and s.
5
Let t be (-7)/((1 - 242/208) + (-21)/(-168)). Calculate the greatest common divisor of t and 406.
14
Let g(b) = b**3 - 9*b**2 - 3*b + 10. Let n be g(8). Let i = n - -77. Let q be 6/(i - -3) - -4. Calculate the greatest common factor of 105 and q.
7
Let i = 2989 + -681. Let s = -1598 + i. Suppose s = 17*o - 21. Calculate the highest common divisor of 43 and o.
43
Let c(r) = -r**2 - r + 15. Let k be c(7). Let x = 121 + k. Calculate the greatest common factor of x and 16.
16
Suppose 5*p + 0*p = 570. Suppose 3*x - 149 = -3*y + 7, 4*x - 217 = -y. Let t = 21 + x. What is the greatest common factor of p and t?
38
Let p(x) = -2*x + 54. Let t be p(26). Let u(h) = -h**2 + h + 5. Let a be u(6). Let z be (a/10)/((-2)/4). Calculate the highest common factor of t and z.
1
Suppose 68*p - 193600 = -51888. What is the greatest common divisor of p and 4?
4
Let k be (-3)/1*(-1 - 2). Let o(j) = -20*j + 126. Let v be o(6). Suppose 0 = -4*n + 30 + v. What is the highest common divisor of n and k?
9
Suppose 41588 + 8308 = 44*j. What is the highest common factor of j and 546?
42
Suppose -236*g + 234*g - k + 730 = 0, 3*g - 1100 = -4*k. What is the greatest common factor of 988 and g?
52
Let i be (19/95 + 542/(-10))/((-4)/14). Calculate the greatest common divisor of i and 324.
27
Let l = -425 + -1506. Let b = -1104 - l. Suppose 0 = 3*x - 103 - b. What is the highest common factor of x and 31?
31
Let i(z) = -6*z. Let m be i(-13). Suppose -4*d - 5*f = -144, -2*f - 86 = -4*d + 2. What is the highest common factor of d and m?
26
Let k = 332 + -323. Suppose 55 = 5*f + h, 70 = 4*f - 5*h - 3. What is the highest common divisor of f and k?
3
Suppose 0 = -5*j + 30, 171*j = -3*v + 166*j + 318. What is the highest common factor of 18 and v?
6
Let c(z) = -5*z**3 - 30*z**2 - 74*z - 772. Let i be c(-13). What is the highest common factor of 165 and i?
165
Let u be (9165/21)/5 + (-4)/14. Suppose -u*j + 48 = -79*j. Calculate the highest common factor of 39 and j.
3
Let f(j) = j**3 + 17*j**2 - 16*j + 36. Let b = 68 + -85. Let c be f(b). Suppose -22*w + 18*w = -c. W